(i) be the first derivative of i - 2. Let b(r) = -r + 5. Let y(u) = -b(u) + 2*l(u). Suppose 503*p - 371860 = -368842. Give y(p).
3
Suppose 2*m + o = -5, -2*m - 3*o = -0*o + 15. Let i be (-8)/((-2 - 2) + 2). Let h(r) = -59*r - r**3 + 34*r + 25*r + i. Calculate h(m).
4
Let v(f) = f**2 + 7. Let d(u) = 30*u + 15 - 5588*u**2 + 10 + 5585*u**2 - 8 + 16. Let t be d(11). Determine v(t).
7
Let k(o) = o**3 - o. Let j(y) = -3*y**3 - 4*y**2 - y - 5. Let i(r) = -j(r) - 2*k(r). Let p be 19 + -13 + -4 + -6. Give i(p).
-7
Let b(g) = g**2 - 2*g + 11. Let j be b(4). Let n(c) = 2*c**2 - 37*c - 15. Let s be n(j). Let o(a) = -a**2 + 2*a - 9. What is o(s)?
-17
Let l(t) = -10*t + 36. Let i(b) = -7*b + 24. Let k(g) = -7*i(g) + 5*l(g). Suppose 0*m = -3*m + 2*q + 25, -2*m - q = -19. Give k(m).
3
Let u(o) be the first derivative of o**2 + 12*o - 128. Determine u(-4).
4
Suppose -4*w + 3*k - 4 = 0, -6 = 9*w - 8*w - 2*k. Suppose 4*n - 2*r + 4*r = -34, -n = w*r + 7. Let u(p) = 2*p - 6. Determine u(n).
-24
Let t(u) = 5*u**3 - 28*u**2 + 18*u + 19. Let j(z) = 6*z + 173 - 58 + 2*z**3 - 10*z**2 - 58 - 50. Let g(b) = 8*j(b) - 3*t(b). Calculate g(-5).
4
Let x(q) = -10*q**2 + 19*q + 39. Let r(p) = -3*p**2 + 6*p + 13. Let g = 189 - 182. Let n(u) = g*r(u) - 2*x(u). Give n(6).
1
Suppose -9*i + 3*a - 16 = -10*i, 0 = a - 6. Let p(f) = -f**3 - 2*f**2 + 5*f + 14. Determine p(i).
4
Let t(k) = k**2 - 12*k + 17. Suppose l - 120 = 4. Let n = l + -114. Give t(n).
-3
Let i(t) = t + 260. Let f(w) = w + 192. Let j(u) = 4*f(u) - 3*i(u). Give j(1).
-11
Let u(b) = 11*b - 787. Let z be u(73). Let n(r) = r**2 - 20*r + 51. What is n(z)?
-13
Let j(g) = -446 - 15*g + 15*g**2 + 0*g**2 + 456 - g**3. Calculate j(14).
-4
Let f(z) = 15*z + 21. Let l(g) = -7*g - 10. Let o(i) = 6*f(i) + 13*l(i). Suppose -p = -3*d + 16, -p + 4 + 4 = d. Calculate o(d).
-10
Let b(n) = -2*n - 126. Let f(l) = -2*l - 151. Let c(q) = 6*b(q) - 5*f(q). Let k be (8/(-24))/((-1)/12) - 2. Calculate c(k).
-5
Let j(g) = -4*g**2 - g + 18. Let n be j(-2). Let w(l) = -17*l + 15. Determine w(n).
-53
Let m be (-84)/(-15) + -6 - (-44)/10. Let z be (1/2)/(-5*m/(-120)). Suppose 3*h = 5*l + 31, -z*h - 3 = -2*h + 5*l. Let t(a) = a**2 - 9*a + 4. Determine t(h).
-10
Let l(t) = -2*t - 16. Let p = 15478 + -15468. Calculate l(p).
-36
Let r(g) be the third derivative of g**6/120 + 3*g**5/20 - 7*g**4/12 + 2*g**3/3 - 2*g**2 + 2*g + 186. Determine r(-10).
44
Suppose -4*p + 15 = 5*b, 2*p + 38*b = 40*b - 6. Let x(q) be the second derivative of -q**3/2 - q**2 - 10*q. Determine x(p).
-2
Let u(j) be the first derivative of j**3/3 + 2*j + 6. Let h(r) = -r**2 + 0 + 2*r**2 - 10 - 12*r + 0*r**2. Let d be h(13). Give u(d).
11
Let h(p) = 2*p**2 - 10*p - 21. Let b(j) = -10 - 4*j - 18*j**2 + 19*j**2 - j. Let d(c) = 5*b(c) - 2*h(c). What is d(6)?
-2
Let p = -101 - -104. Let l(h) = 6*h - h**3 - 2*h - 3 + 0*h**p - 8*h**2 + 3*h**2. What is l(-6)?
9
Suppose 0 = 3*b - 4*c + 16, -3*b + 2*c = -314 + 310. Let o(t) be the first derivative of -t**4/4 + 7*t**3/3 + 3*t**2 - t + 1. Determine o(b).
-17
Let b(o) = 3*o**3 + 60*o**2 + 22 + 208*o - 52*o**2 - 4*o**3. Let u be b(19). Let f(w) = 0*w + 4 + 2*w + 0*w**2 + w**2. Give f(u).
19
Let f be 6/(10/35 + (-12)/(-7)). Let u(i) = i**f + 0*i**2 - 4*i**2 + 102*i - 99*i + 3. Suppose -r - 21 = -2*v + 2*r, -2*v + 5*r + 31 = 0. Determine u(v).
3
Let p(s) be the second derivative of -s**5/20 + s**4/4 + 2*s**3/3 - 5*s**2/2 - 99*s + 2. Suppose v + 0 = 3. What is p(v)?
7
Let a(d) be the first derivative of -d**2 - d**3 - 10 + 0*d + 1/60*d**5 - 1/4*d**4. Let m(k) be the second derivative of a(k). Determine m(7).
1
Let w(g) = g**3 - 2*g**2 + 3*g - 1. Let d be (-20)/5 + (-12)/(-2). Suppose s - d*i - 10 = 0, 0 = -3*s + 5*i + 12 + 14. Determine w(s).
5
Let o(p) = -p**2 + 14*p + 5. Suppose t = 3*g - 608, -5*g + 612 = -3*t - 400. Let m = g + -191. Give o(m).
29
Let n = -422 - -427. Let a(h) = -2*h + h**2 - 4*h**2 - n + 2*h**2 - h. Calculate a(-2).
-3
Let s(z) = 24*z**3 + z**2 - 2*z + 2. Let c be (-16)/36 - (-480)/108 - 3. Give s(c).
25
Let w(g) = g + 6. Suppose 13*o = 11*o. Suppose o = -3*a + 4*f - 37, a - 3*f + 47 = -4*a. Let j(m) = 4*m**2 + 30*m + 8. Let u be j(a). What is w(u)?
0
Let q(h) be the first derivative of h**3/3 + 37*h**2/2 + 67*h + 5795. Calculate q(-33).
-65
Let o(c) be the first derivative of -c**4/4 + 3*c**3 - 4*c**2 - 7*c + 18. Let s = -25 + 69. Suppose -5*i + 4*m + s = 0, -4*m + m = 3*i - 21. What is o(i)?
-7
Let p(g) = 2*g + 3. Let o(r) = r**2 + 12*r + 32. Let c be -58 + 55 - (6 + 0). Let i be o(c). What is p(i)?
13
Let r(w) = -w + 21. Let q = 4343 + -4323. Determine r(q).
1
Suppose -4*j + 24 = z - 5*z, 0 = -4*z - 16. Let q(o) be the third derivative of 0 - 14*o**2 + 0*o + 1/3*o**3 + 5/24*o**4. Give q(j).
12
Let l(x) = 2*x**2 + 10*x - 38. Let n be l(3). Let h(s) = -2*s**3 + 21*s**2 - 10*s + 9. Give h(n).
9
Suppose 0 = m + 4*i - 7, 4*m + 9*i - 28 = -21. Let j(f) = -f**3 - 6*f**2 - f + 12. What is j(m)?
-8
Let g(m) = 11*m**2 + m + 16. Let j(l) = 26*l**2 + 2*l + 32. Let v(b) = 7*g(b) - 3*j(b). Give v(-4).
-4
Let n(d) be the third derivative of d**6/120 + 3*d**5/20 + 5*d**4/12 + 8*d**3/3 + 573*d**2. Suppose -56 - 24 = 10*y. Determine n(y).
0
Suppose 4*f + 0*f + 12 = 0. Let p(s) be the first derivative of -4/3*s**3 + 0*s - s**2 - 1/4*s**4 + 80. What is p(f)?
-3
Let f(v) = 685*v**2 - 62 + v**3 + 3*v - 1301*v**2 - 35*v + 645*v**2. Determine f(-30).
-2
Suppose -124*f + 18684 = 18932. Let j(a) = -2*a**2 + 2*a - 1 + 5 - 2. What is j(f)?
-10
Let n(y) be the second derivative of -7*y**3/3 + 3*y**2 - 197*y - 1. Give n(-3).
48
Let k(h) = -17 + 53 - 24 + 7*h - 21 - 15. Give k(6).
18
Let w(z) = 2128*z + 0 + z**3 + 0*z**3 - 2132*z + 1. Determine w(-3).
-14
Let i(h) = -8*h**2 + 2*h**2 + h**3 + 441*h - 440*h + 127 - 128. What is i(4)?
-29
Let b(j) = 3*j**2 - 3*j + 1. Let t(u) = -3*u + 1. Let f be t(4). Let y(q) = 8*q**2 - 9*q + 4. Let h(r) = f*b(r) + 4*y(r). Determine h(-5).
-5
Let a(j) = -j**3 - 5*j**2 - 3*j + 4. Let f(n) = -3*n + 58. Let i be f(-5). Let b = -87 + i. Let c(x) = -2*x**2 - 27*x + 10. Let g be c(b). Calculate a(g).
0
Let z(i) be the first derivative of -i**3/3 - 13*i**2/2 - 4*i + 2370. Determine z(-4).
32
Let t(u) be the third derivative of -u**5/60 + 19*u**4/24 - 35*u**3/3 - 4*u**2 - 14. Let l be t(14). Let v(g) = g**3 - g + 11. What is v(l)?
11
Suppose -14 = 12*o - 19*o. Let l(b) be the third derivative of -35*b**o + 1/3*b**4 + 0*b - 5/6*b**3 - 1/60*b**5 + 0. Determine l(7).
2
Let x(s) be the first derivative of 1/2*s**2 + 156 + 0*s + 0*s**3 - 5/4*s**4. What is x(-2)?
38
Let u(z) be the first derivative of -7*z**2/2 - 55*z + 1774. What is u(-6)?
-13
Let x(k) = -6*k**2 + 55*k - 7. Let j(n) = -6*n**2 + 56*n - 8. Let d(b) = 3*j(b) - 4*x(b). Determine d(9).
22
Suppose -2*x + 192 = -66*x. Let l(o) = o - 30. Calculate l(x).
-33
Let w(y) = 4*y**2 + 0 - y**3 + 5*y**2 - 4. Let g = -141661 + 141670. Determine w(g).
-4
Let t(d) = -8*d**2 + 94*d + 7. Let s(a) = 15*a**2 - 170*a - 14. Let o(n) = -5*s(n) - 9*t(n). What is o(4)?
-25
Suppose 0 = -o - 4, 26 + 1 = 5*y - 3*o. Suppose 0 = 12*l - y*l + 54. Let j(t) = -t - 3. What is j(l)?
3
Let c(l) = 3*l**3 - 105*l**2 - 221*l - 39. Let n be c(37). Let f(b) = -b**3 - b**2 + 4. What is f(n)?
8
Let t(p) = -5*p**3 + 2*p + 2*p**3 + 2*p**3 + 5 - 5*p**2. Let m = 8489 + -8494. Calculate t(m).
-5
Let b(p) be the second derivative of -p**5/10 + 5*p**4/6 + 7*p**3/6 + 2*p**2 + 27*p + 50. What is b(5)?
39
Let n(y) = 3420*y - 23941. Let i be n(7). Let c(z) be the third derivative of -z**4/12 - z**2. Calculate c(i).
2
Suppose 64 = 20*y - 36. Suppose -2 = y*v + 4*c, -36*c + 12 = -40*c. Let u(n) = n**2 - n + 1. What is u(v)?
3
Let d = -6 - -10. Let z(f) = -3721*f**2 - 3716*f**2 + 2 - 3723*f**2 + 11159*f**2 + 3*f. Determine z(d).
-2
Let g be (5 - (14 - -9))/1. Let x(i) = -2*i - 45. What is x(g)?
-9
Let o(j) = -2*j**2 - j - 10. Let a(b) = 2*b + 19*b**2 - 5*b**2 + 8 - 7*b**2 - 5*b**2. Let d(x) = -4*a(x) - 3*o(x). Calculate d(-3).
-5
Suppose 5*o - 1645 = -2*s - 176, -s + 733 = 2*o. Let g = -425 + s. Let x(b) = -310*b**2 + 619*b**2 + 0 + b - g*b**2 - 2. Calculate x(-2).
24
Let u(o) = -83 - 1 + 18*o - 20*o + 0*o. Calculate u(-25).
-34
Let o(w) = 10*w**3 - w**2 + w. Let z(q) be the third derivative of q**5/20 - q**4/6 + q**3/3 + 3